c2 + -3?
1ccbe
In base 5, what is -24421314 - 3?
-24421322
In base 11, what is -46a5a - -4?
-46a56
In base 5, what is 404 - -441234?
442143
In base 2, what is 10101 - 11000101111110110?
-11000101111100001
In base 9, what is 60 - -32485?
32555
In base 14, what is -6b181 + 2?
-6b17d
In base 13, what is 153 - -c4?
247
In base 3, what is 10 - 101022012?
-101022002
In base 5, what is 10 + -111023?
-111013
In base 6, what is -223540 - 0?
-223540
In base 11, what is 121986 - 3?
121983
In base 13, what is a - 310?
-303
In base 2, what is -10001110101110011 - 10?
-10001110101110101
In base 5, what is -10 - 32434042?
-32434102
In base 12, what is 2109 + -11?
20b8
In base 7, what is 61342 - -1?
61343
In base 4, what is 3101132 - 0?
3101132
In base 6, what is 13022 - -304?
13330
In base 14, what is 1 - -19205?
19206
In base 5, what is 1440430402 - -3?
1440430410
In base 5, what is 133 + 224420?
230103
In base 15, what is 5357 - b4?
5293
In base 2, what is 11 - 11101110?
-11101011
In base 10, what is 11946 - 11?
11935
In base 6, what is -23151 + -210?
-23401
In base 7, what is -1226 + 2054?
525
In base 2, what is 1110 - 11111000010011?
-11111000000101
In base 9, what is -4 + 23542?
23537
In base 12, what is -7453 - 3b?
-7492
In base 14, what is -3 - -5b1b6?
5b1b3
In base 14, what is -2a6 + -ba?
-382
In base 2, what is -100011010 + -100111111?
-1001011001
In base 14, what is 33d4 - 15?
33bd
In base 2, what is 1000 - -10001110111?
10001111111
In base 5, what is 1020 + 32322?
33342
In base 6, what is -340 - -215330?
214550
In base 5, what is -40423321 - 14?
-40423340
In base 6, what is 10104 + -1150?
4514
In base 15, what is -567 + 10?
-557
In base 2, what is -10110011011011101100 - 0?
-10110011011011101100
In base 5, what is -30130 - -3342?
-21233
In base 4, what is -3112 + -10213?
-13331
In base 6, what is -23 - 322042?
-322105
In base 14, what is -d4d0 - -1?
-d4cd
In base 11, what is 38704 + 4?
38708
In base 9, what is -683 - 2033?
-2726
In base 5, what is -11021310 - 4?
-11021314
In base 11, what is -19478 - 8?
-19485
In base 4, what is -331111332 - 11?
-331112003
In base 4, what is -3121132 - 1023?
-3122221
In base 4, what is -221223 - -10231?
-210332
In base 4, what is 101 + -2233033?
-2232332
In base 15, what is 0 + 68d7?
68d7
In base 14, what is -2 + -29293?
-29295
In base 12, what is -23 + 34b06?
34aa3
In base 7, what is 11 + -1114235?
-1114224
In base 12, what is 134 + -1b6?
-82
In base 2, what is -1110100111011 - 110011?
-1110101101110
In base 12, what is 2b705 + 9?
2b712
In base 4, what is -1001 - 2020002?
-2021003
In base 5, what is 11 + -1314011?
-1314000
In base 14, what is -a73ad - -5?
-a73a8
In base 3, what is -22 - 10122212021?
-10122212120
In base 7, what is 1 + 1243441?
1243442
In base 15, what is 297a - -2b?
29a6
In base 3, what is 111200 + 111020?
222220
In base 16, what is -69 + -3053?
-30bc
In base 12, what is -52473 - 5?
-52478
In base 5, what is -2 + 3324120?
3324113
In base 16, what is -126 + 3f?
-e7
In base 14, what is 755 - -471?
bc6
In base 13, what is -7c37 + 2?
-7c35
In base 15, what is -7bc2d + 4?
-7bc29
In base 16, what is -9 + -cb?
-d4
In base 16, what is 2c776 + -b?
2c76b
In base 3, what is -2020110112 + -1022?
-2020111211
In base 11, what is -278 - 552?
-81a
In base 4, what is 11 - 2320233231?
-2320233220
In base 4, what is 2131302 - -22?
2131330
In base 2, what is 11100010 - 11000011?
11111
In base 5, what is -10 - 43203101?
-43203111
In base 4, what is 11 - 1301211?
-1301200
In base 9, what is -7682 + -60?
-7752
In base 14, what is -3 - 5a73d?
-5a742
In base 16, what is 21a1f + 3?
21a22
In base 5, what is 21213 + 14313?
41031
In base 10, what is 190 - -262?
452
In base 2, what is -1111111 + -11000001000111?
-11000011000110
In base 12, what is -1a4 + -478?
-660
In base 9, what is 1785 + 15?
1811
In base 10, what is 2 - -3472?
3474
In base 8, what is -3 + -6575?
-6600
In base 10, what is 2217115 + 4?
2217119
In base 16, what is 2 - f1?
-ef
In base 11, what is -83 + -16351?
-16424
In base 11, what is 5 + -99657?
-99652
In base 12, what is 1 - -1291aa?
1291ab
In base 9, what is -25688 - -464?
-25224
In base 13, what is ac4 + 6c?
b63
In base 12, what is 1013 + -24?
bab
In base 8, what is 1647527 + 7?
1647536
In base 16, what is -1a + 745b?
7441
In base 8, what is 232 - -41?
273
In base 6, what is 202 - 4341?
-4135
In base 4, what is 113323120 - 0?
113323120
In base 15, what is -9 - -1129?
1120
In base 15, what is -7 + -a030?
-a037
In base 6, what is 12010 + 3140?
15150
In base 16, what is -5fb0 - 7?
-5fb7
In base 6, what is 23514 + -10?
23504
In base 7, what is -3 - -11621216?
11621213
In base 11, what is 83a - -193?
a22
In base 4, what is -120120011 - -33?
-120113312
In base 16, what is -838e + 4?
-838a
In base 6, what is -2523 + -143?
-3110
In base 3, what is 10120122001 - -20?
10120122021
In base 8, what is 3 + 460731?
460734
In base 4, what is -33130 - 3?
-33133
In base 13, what is -6 + 638?
632
In base 8, what is -16 - 310?
-326
In base 7, what is 24 + 13166?
13223
In base 6, what is 1 - 1513123?
-1513122
In base 12, what is 5 + aaab3?
aaab8
In base 2, what is 110111 - -101010?
1100001
In base 16, what is 5 - 1e0ff?
-1e0fa
In base 4, what is 1111 + -1100120?
-1033003
In base 6, what is -10 - 20125?
-20135
In base 10, what is 23 + -5216?
-5193
In base 10, what is -97 - 372?
-469
In base 5, what is 311 + -4010?
-3144
In base 2, what is 111010 - 1011000110001?
-1010111110111
In base 12, what is -9a + -3218?
-32b6
In base 8, what is 15055 - -7?
15064
In base 16, what is 174 - 185?
-11
In base 8, what is 130162 + -5?
130155
In base 2, what is -1111111110 - 101001?
-10000100111
In base 7, what is -1201 + -20?
-1221
In base 10, what is -4 + 127311?
127307
In base 9, what is 17227 - 14?
17213
In base 10, what is -4 + -31603?
-31607
In base 11, what is -12 + 1149?
1137
In base 5, what is 2443 + -1022?
1421
In base 16, what is -16d - 1d?
-18a
In base 5, what is 1 - 44013023?
-44013022
In base 14, what is 17 - -9774?
978b
In base 2, what is 10110 - -1001100101110?
1001101000100
In base 6, what is 21310 - -20?
21330
In base 14, what is 2987d + -1?
2987c
In base 13, what is -7c9 - 2?
-7cb
In base 10, what is 4061 - -7?
4068
In base 7, what is 334 + -46140?
-45503
In base 7, what is 1166 + 1161?
2360
In base 13, what is b3 + 456?
539
In base 14, what is 11 + 19b?
1ac
In base 10, what is -17 - 1662?
-1679
In base 10, what is -2518 + 64?
-2454
In base 4, what is 1221 + -123?
1032
In base 10, what is -2 - -12855?
12853
In base 12, what is 1 + -6017?
-6016
In base 15, what is 14a28 - -4?
14a2c
In base 8, what is 101 - -4137?
4240
In base 5, what is -1 + -11140202?
-11140203
In base 4, what is -132311112112 + 11?
-132311112101
In base 10, what is 9568 + 6?
9574
In base 4, what is 100132 - -10?
100202
In base 4, what is -201313 + 0?
-201313
In base 16, what is -1 + -385d?
-385e
In base 16, what is -c9 - bda?
-ca3
In base 3, what is -10222112 + 11210?
-10210202
In base 16, what is -10b - -a0?
-6b
In base 11, what is -3 - 30996?
-30999
In base 14, what is 2 - -1d7977?
1d7979
In base 5, what is 0 - 233314?
-233314
In base 11, what is -67093 - -4?
-6708a
In base 9, what is -70 + 1218?
1138
In base 9, what is 5624 - -7?
5632
In base 16, what is 4 + -11d99a?
-11d996
In base 16, what is -9 - -254fa?
254f1
In base 3, what is 211 - -1012012111?
1012020022
In base 7, what is -1502 + 1335?
-134
In base 6, what is 101 + 5345?
5450
In base 14, what is 81 - -5a?
db
In base 7, what is -12 + 131625?
131613
In base 13, what is 207 + 1c3?
3ca
In base 3, what is 10012102110 + 10?
10012102120
In base 6, what is -122031423 - 0?
-122031423
In base 11, what is 234114 + -5?
23410a
In base 12, what is -3 - -1660?
1659
In base 6, what is 12 + 1113152?
1113204
In base 3, what is 10 - -122111000?
122111010
In base 7, what is 26 + -60241?
-60212
In base 16, what is 1 - -2f08?
2f09
In base 16, what is -5 + 739d?
7398
In base 15, what is 920 + 14?
934
In base 14, what is 0 - -73a3?
73a3
In base 2, what is 0 + 10001010101011100100?
10001010101011100100
In base 8, what is -2675 - 4?
-2701
In base 9, what is -18 - 5187?
-5216
In base 5, what is -2342 - -230?
-2112
In base 4, what is -3022 - -101112?
32030
In base 4, what is -331113332 - 113?
-331120111
In base 5, what 